t d = 12763 + -5438. What is the thousands digit of d?
7
Suppose 4*o = 2*w + 8, -10*w = -14*w + 4*o. What is the tens digit of -6*((-10)/w - -2) - -409?
1
What is the tens digit of (115/46)/(3/17946)?
5
Let z(v) = 3*v**3 - 7*v**2 - 41*v - 111. What is the units digit of z(23)?
4
Let s be -24*10/(-4) + 1 + 1. Let x = 55 - s. What is the units digit of (-3 - x/2)*246?
3
What is the tens digit of ((-63)/252)/((-4)/((-1400032)/700014) - 2)?
5
Let q(m) = -m**3 - 3*m**2 - 5*m - 4. Let o be q(-2). Suppose -4*n + 166 = 2*h, o*n = -4*h + 106 - 8. What is the tens digit of n?
3
Let j = -28 - -9. Let i = 49 + j. Suppose -33*m + i*m = -432. What is the units digit of m?
4
What is the thousands digit of (-3 + -5 - 2240/16)*1138/(-8)?
1
Let n(a) = -2*a + 1. Let f be n(6). What is the units digit of (7 + f - 2) + 75?
9
Let q = -35 - -30. Let k be 1*4 - q/(-20)*4. What is the tens digit of 15 + (-2)/k*3?
1
Suppose -3*w = 2*l - 168814, 3*l = 10*w - 6*w - 225040. What is the units digit of w?
6
What is the units digit of (29/3 - 11)/((-16)/73452)?
1
Suppose -3*j + 4*l + 308 = 0, 2*l + 3*l = -25. Suppose -2*w + 44 = -x, x = 5*w + 2*x - j. Suppose -w = -5*z - 5. What is the units digit of z?
3
Suppose 2*h + 583587 = 21*h - 625060. What is the ten thousands digit of h?
6
Let b be (-182)/(-26) + (-1688)/2. Let m = -578 - b. What is the units digit of m?
9
Suppose -513*r + 514*r - 4318 = -n, 0 = 5*n - 2*r - 21653. What is the units digit of n?
7
Suppose -2*f - 32970 = -6*f + 2*x, 3*f = -3*x + 24741. Suppose -5*u = -17*u + f. What is the hundreds digit of u?
6
Let y(c) = 880*c**2 - 28*c - 76. What is the hundreds digit of y(-5)?
0
Let c = -4507 - -6227. What is the hundreds digit of c?
7
Let d = -17342 + 21692. What is the thousands digit of d?
4
Let s be 8 - 2/((-2)/(-3)). Suppose s*n + 969 = 2589. Suppose 5*u + 2*c = n + 120, -5*c = -4*u + 375. What is the units digit of u?
0
Let j(d) = 293*d + 105. Let r be j(12). Suppose 0 = -4*k - 12, -r = -9*p + 6*p + 2*k. What is the hundreds digit of p?
2
Let o(d) = -40*d**3 + 3*d**2 + 5*d + 15. Let y be (-1 - 0/(-10)) + (-4 - -2). What is the thousands digit of o(y)?
1
Let p = -15263 - -25508. What is the ten thousands digit of p?
1
Let n(b) = -2*b + 34. Let f be n(19). What is the tens digit of ((-14)/f)/((-2)/(-744)*3)?
3
Let f = 28523 + -7116. What is the hundreds digit of f?
4
Suppose 21*i + 15 = 24*i. Suppose 4*n - 6 = i*n. What is the tens digit of (4 - 7)/(n/106)?
5
Suppose 0 = 7*g + 30*g - 284012. What is the tens digit of g?
7
Let d(q) = q**3 - 9*q**2 + 3*q + 43. Let v be d(8). What is the units digit of 8/(-12)*(v - 201)?
2
Let l(b) = -3*b. Let t(y) = 77*y + 91. Let g(z) = 42*l(z) + 3*t(z). What is the hundreds digit of g(12)?
5
Let i(o) = 4903*o**3 - 120*o + 238. What is the ten thousands digit of i(2)?
3
Suppose 2*l + 4*r + 26 = 24, -1 = 2*l + 3*r. What is the tens digit of 4418/8 + (-17)/68 + l?
5
Let a be (-16)/(-48) + 2/3. Let x be -4 + (762 - a) + -1. Suppose y = -5*y + x. What is the tens digit of y?
2
Let x(q) = 229*q**2 + 161*q - 820. What is the tens digit of x(5)?
1
Let s = 28 - 26. Let z be (2/1)/(s*(-5)/40). What is the hundreds digit of 223/2 + (-4)/z?
1
Let q = -4380 - -9397. What is the units digit of q?
7
Let p = -1873 - -3311. Let b = p - 762. What is the hundreds digit of b?
6
Let c = 20 - -19. Let y = 29 - c. What is the tens digit of (-548)/(-20) - (-4)/y?
2
Suppose -16*c + 39*c = 10*c + 79859. What is the tens digit of c?
4
Let z = -7586 - -35217. What is the thousands digit of z?
7
Let q be (-6)/(-150)*5*-410. Let d = 42 - 86. Let r = d - q. What is the tens digit of r?
3
Let w(z) = -z**2 + 238*z - 52. What is the hundreds digit of w(80)?
5
Let m(b) = -b**3 + 3*b**2 + 3*b + 7. Let h be m(4). Let q be 481/78 + h/(-18). Suppose 11 + 61 = q*d. What is the units digit of d?
2
Let b = -2966 - -9938. What is the tens digit of b?
7
Let q(s) = s**2 - 9*s + 8. Let b be ((-4)/(-4) - -3)/((-2)/(-4)). Let h be q(b). Suppose 3*f + 3*j - 423 + 72 = h, 4*f = 4*j + 476. What is the tens digit of f?
1
Let r(h) = 77*h**2 - 798*h - 24. What is the units digit of r(11)?
5
Let o be 21/(-35) - (36/15 - 4). Let b(h) = 121*h - 12. What is the tens digit of b(o)?
0
Let x(r) = -1127*r - 3943. What is the thousands digit of x(-17)?
5
Suppose -u = u + 6, 0 = -2*b - 2*u - 2. Suppose -7*o = -b*o - 20. Suppose -n + 100 = -o*h, 2*h + 41 = -5*n + 519. What is the tens digit of n?
9
Let w = 22 - 18. Suppose -5*r - 2*a + w*a + 12 = 0, -4*a - 6 = -r. Suppose p - 793 = -4*i + r*p, -5*p = 25. What is the tens digit of i?
9
Let m(a) = -3*a - 2 - 218*a**3 - 4*a**2 + 4*a**2. Let g be 11 + -7 + 9 - 14. What is the units digit of m(g)?
9
What is the tens digit of 9729 - ((-12)/(-8)*-6 - -17)?
2
Let j(a) = 11*a**2 + 4*a + 3. Let l(n) = -n**3 - 8*n**2 + 6*n - 29. Suppose -3*b = b + 36. Let r be l(b). What is the tens digit of j(r)?
3
Let i(c) = -20*c + 63. Let k be i(17). Let j = 625 + k. What is the tens digit of j?
4
What is the thousands digit of (715245/(-10))/(-5 - 1) + 1/4?
1
What is the tens digit of (2312/1445)/(2/4840)?
7
Let d be (-4*(-6)/8)/((-6)/(-10)). Suppose 2*g = 4*m - 1718, -d*m + 6*g + 2146 = 5*g. What is the tens digit of m?
2
Let m = 4769 - 4178. What is the units digit of m?
1
Suppose -2*s - 5*i - 593 + 25336 = 0, -61808 = -5*s + 4*i. What is the thousands digit of s?
2
Suppose -11*h - 136937 = -48*h. What is the hundreds digit of h?
7
Let q(n) = -1052*n + 1913. What is the hundreds digit of q(-11)?
4
Let u(c) be the third derivative of -c**6/120 - c**5/30 + c**4/24 - c**3/3 + 2*c**2. Let j = -14 + 9. What is the tens digit of u(j)?
6
Let z be (-1662)/6*(-3 + 4). Let l = -98 - z. What is the hundreds digit of l?
1
Let d(b) = 3184*b**3 + b**2 + 7*b - 6. What is the thousands digit of d(1)?
3
What is the units digit of (9736/(-12))/(((-2)/18)/(31 + -29))?
4
Suppose 0*h = -7*h + 22792. Suppose t - 12*t = -h. Suppose -g = -4*x + t, -63 = -x - 0*g + 3*g. What is the units digit of x?
5
Let h be 5366/(-30) + 164/(-1230). Let o = h + 1203. What is the hundreds digit of o?
0
Suppose 3*t + 5*q + 13 = 0, t + 5*q - 14 = 7*q. Suppose -t*r - 597 = -3*c, 499 = -4*r + 4*c - 93. Let j = -73 - r. What is the tens digit of j?
8
Suppose -5*f + 8915 = -41005. What is the tens digit of f?
8
Let t = 116 + -114. What is the hundreds digit of t/((108/7281)/6)?
8
What is the hundreds digit of -3*2/(-16) + (-6141794)/(-464)?
2
Let l(y) = 2*y - 1. Let a(x) = -17*x - 226. Let t(j) = a(j) - 5*l(j). What is the units digit of t(-24)?
7
Let w = 209 - 209. Suppose -d - 3*m + 1355 = w, 0 = 7*m - 10*m - 15. What is the hundreds digit of d?
3
Suppose 2*k = -10*k + 3120. Let r = k - 104. What is the units digit of r?
6
Let a = 4014 + -2543. Let r = -1044 + a. What is the hundreds digit of r?
4
Suppose 5*j + 54 - 4 = 0. Let u = 13 + j. Suppose 4*i - 241 - 111 = -4*s, -s - u*i + 98 = 0. What is the units digit of s?
3
Let m(k) = 2*k + 9. Let a be m(-10). Let x(u) = -31*u + 287. What is the units digit of x(a)?
8
Let b = -66 - -67. Suppose 4*q - q + 210 = 0. What is the units digit of (q/7)/(-2*b/12)?
0
Suppose 0 = -277*b + 140*b - 336*b + 6510372. What is the thousands digit of b?
3
Suppose 52*k = 233125 + 72687. What is the hundreds digit of k?
8
Let f = -29 - -53. Let m be (-13)/12*26 - (-4)/f. What is the units digit of ((-31)/(-4))/(-1 - 35/m)?
1
Let z = 921 + -896. Suppose -z*m + 39332 + 5918 = 0. What is the tens digit of m?
1
Suppose 0 = 8*t - 53824 - 11640. What is the hundreds digit of t?
1
Suppose 0 = -4*d + 7 - 23, 2*d + 96 = 4*i. Let m be 3 - (1 + 2)/(6/i). What is the hundreds digit of 2/m + 1636/16?
1
Let s be (-1)/((-6)/(-2))*(-3 - -3). Suppose 0 = -s*b + 17*b - 2975. What is the units digit of b?
5
Let a(t) = -25 - 13*t - 23*t**3 + 45*t**3 - 21*t**3 - 17*t**2. What is the hundreds digit of a(19)?
4
Let p be 16/(-9) + 20/(-90). Let t be 842 - (1 - 2/p). Suppose x + t = 7*x. What is the units digit of x?
0
Let k(y) = 19*y**2 - 49*y + 641. What is the thousands digit of k(23)?
9
Let k = -10285 + 12523. What is the hundreds digit of k?
2
Let i be 0 - ((-4)/6)/(4/(-24)). Let c(m) = -8*m**2 - 7*m - 18. Let k be c(i). Let j = 199 + k. What is the tens digit of j?
8
Suppose -21*h + 22097 = s - 18*h, -5*s = -h - 110405. What is the thousands